mainder when s(16) is divided by 19.
16
Let k = 805 - 811. What is the remainder when 393 is divided by (175/(-21) - -1)*k?
41
Suppose -13*t + 137*t = 104*t + 600. Let k = -2 + 4. Calculate the remainder when t is divided by ((-26)/(-8))/(k/8).
4
Let u = -47 - -56. Suppose u*t + 9 - 36 = 0. Suppose -4*b - 130 = -2*o - 384, 0 = o + t. What is the remainder when b is divided by 22?
18
Suppose -4*f = -2*n - 626, -4*f + 33*n = 37*n - 668. Calculate the remainder when 1916 is divided by f.
156
Let j = 102 + -76. Suppose 0 = -3*c - j + 32. Suppose c*h = -h + 36. What is the remainder when 33 is divided by h?
9
Let n(o) = o**3 - 5*o**2 + o - 1. Let g be 3 - 1 - (-4 + -1 + 2). Calculate the remainder when 6 is divided by n(g).
2
Let u(m) = -33*m + 339. What is the remainder when 660 is divided by u(10)?
3
Let w = -13 + 16. Suppose n + 3*q - 14 = 0, -45 = -w*n - 2*q + 11. What is the remainder when n is divided by 5/((-5)/(-2)) + 1?
2
Let j(k) = -82*k - 1426. Calculate the remainder when 8449 is divided by j(-18).
49
Let k = 19792 - 19643. What is the remainder when k is divided by 46?
11
Let a(i) = -28*i + 23. Let u(l) = 26*l - 21. Let w(j) = -4*a(j) - 5*u(j). Calculate the remainder when w(-9) is divided by 12.
7
Suppose 0 = -28*p + 117*p - 4055 - 128. Calculate the remainder when 251 is divided by p.
16
Suppose 3*d + 0*n = 5*n + 27, 4*n = -5*d + 8. Let i(x) = x**2 + 9*x + 9. What is the remainder when i(d) is divided by 17?
10
Suppose 4 = 2*n + 4*u, 4*u = -3*n + 12 + 10. What is the remainder when 601 is divided by n?
7
Suppose 20 = -4*f, 2*f = 3*j + 3*f - 31. Suppose 3*n - 13 - 1044 = -4*z, 3*z + 5*n - 801 = 0. What is the remainder when z is divided by j?
10
Let q = -71 + 107. Let s = -22 + q. What is the remainder when 47 - ((-8)/20 - (-91)/(-35)) is divided by s?
8
Let c(w) = 6*w**2 + 56*w - 18. Let h(z) = -2*z**3 - 27*z**2 - 14*z - 23. Let q be h(-13). Calculate the remainder when c(q) is divided by 2.
0
Let b = 28532 - 28482. What is the remainder when 1548 is divided by b?
48
Suppose a = 2*j + 352 + 196, 0 = 2*a + 4*j - 1064. Calculate the remainder when a is divided by 26.
20
Let v be (3 + 1)*(2 + -1). Suppose v*k - 113 = -29. What is the remainder when (-5 + 119/k)/((-2)/(-453)) is divided by 22?
19
Suppose -637 = -2*u - 5*z, -u + 135 = -2*z - 161. Suppose 132 = -300*f + u*f. Calculate the remainder when f is divided by 10.
2
Let t = 447 + -369. What is the remainder when 216 is divided by t?
60
Suppose 5*r = 0, 6*z - 4*z = 5*r + 362. Suppose -5*j + 179 = -z. Calculate the remainder when j is divided by 30.
12
Suppose -7*u = -u + 30. Let o(s) = -21*s + 1. Let z be o(1). Let t = u - z. Calculate the remainder when 27 is divided by t.
12
Suppose 0 = 3*k + 4*l - 1484, 138 = 4*k + l - 1858. Let f = k - 485. What is the remainder when 72 is divided by f?
12
Suppose -4*r - 53 - 2 = 3*m, -5*m = -3*r + 53. What is the remainder when 50 is divided by ((-1)/3)/((-10)/(-30))*m?
11
Let w = 828 + -818. Calculate the remainder when 442 is divided by w.
2
Suppose 343*b = 362*b - 7258. Let i = b + -370. What is the remainder when 343 is divided by i?
7
Suppose 34 + 646 = 34*w. Calculate the remainder when 377 is divided by w.
17
Let l = 65 + -10. Let j(s) = s**2 + 7*s + 13. Let k be j(-2). Suppose -2 = k*n - 26. Calculate the remainder when l is divided by n.
7
Let r be 2 - (-1 + (-1 - 1)). Suppose -r*n = -o + 25, 3*o - 39 = -n + 4*n. Calculate the remainder when 30 is divided by o.
0
Let l = 1726 + -1559. Calculate the remainder when l is divided by 55.
2
Suppose 6*t = -499 + 1483. What is the remainder when 1/((-4)/t)*-1 is divided by 22?
19
Let j = -9782 + 15788. What is the remainder when j is divided by 1999?
9
Let w = -6543 - -6759. What is the remainder when w is divided by 20?
16
Suppose 0 = 93*g - 84*g - 873. Calculate the remainder when 341 is divided by g.
50
Let h be (-16 - -70) + (-1 - -4). Suppose -h = g - 342. What is the remainder when g is divided by 22?
21
Let o(r) = -r**3 + 2*r**2 + 2. Let b be o(0). Let x(i) = -i**2 + 4*i - 4. Let n be x(b). Calculate the remainder when -186*(n - 3/9) is divided by 16.
14
Let q be (-4920)/45*3/(-2). Suppose -737*i = -733*i - q. Calculate the remainder when i is divided by 15.
11
Calculate the remainder when (-9 - (-8)/4)*(-127 - (2 - 2)) is divided by 11.
9
What is the remainder when 3/72 + 27448/192 is divided by 18?
17
Let z(q) be the third derivative of q**4/6 - 47*q**3/6 + q**2. Let s be (-32)/56 - 13/((-455)/720). What is the remainder when 131 is divided by z(s)?
32
Suppose -18 = -2*t - 4*d, d = -2 - 2. Suppose -h - x = 3*x - t, 3*h - x - 12 = 0. Let b = 271 + -255. Calculate the remainder when b is divided by h.
1
Suppose -8*o + 3*o + 45 = 0. Suppose -6*c = 275 + 385. Let w = c + 125. What is the remainder when w is divided by o?
6
Let b = 94 + -91. Suppose -s + 29 = k + 2, 0 = -b*k - 9. Calculate the remainder when 95 is divided by s.
5
Let a(u) = 3*u**2 + 28*u - 49. What is the remainder when 227 is divided by a(-12)?
39
Suppose 0*a - a = -33. Suppose -y = 4, 0 = 3*l + 4*y - 296 - 2622. Suppose -3*n = 3*n - l. Calculate the remainder when n is divided by a.
31
Let j(b) = b + 35. Let p be ((-1)/(-3))/(-2*5/(-1230)). Suppose -x + 2*m + 17 = 0, 0 = 5*x - 0*m + m - p. What is the remainder when j(0) is divided by x?
8
Suppose -3*s + 404 = 5*z + 57, 68 = z + 2*s. What is the remainder when z is divided by 23?
1
Let o be (-2 - -3)*0/12. Let u = o - -14. Suppose 168 - 43 = 5*v. What is the remainder when v is divided by u?
11
Suppose -t + 5*n = -5*t + 2485, -2*t + n = -1253. What is the remainder when t is divided by 37?
33
Suppose 134*u + 141*u - 308*u + 8382 = 0. What is the remainder when u is divided by 45?
29
Suppose -2*m + 4*m = -58. Let r = m + 47. Calculate the remainder when (14/(-5))/((-21)/525) is divided by r.
16
What is the remainder when (-208)/156*27/4 + 572 is divided by 165?
68
Suppose -3*d + 12 = 0, 41 = -5*n - 3*d + 208. Calculate the remainder when (4/8)/((-1 + 3)/340) is divided by n.
23
Suppose -4*a - 2*t = -8306, 4*t + 3848 + 2409 = 3*a. What is the remainder when a is divided by 80?
79
Let g(f) = 4*f + 3. Let d be g(-7). Let l = d - 1. Let v = 34 + l. Calculate the remainder when 22 is divided by v.
6
Suppose 6*b + 1636 = 5*m + 8*b, -2*m + 3*b + 643 = 0. What is the remainder when m is divided by 8?
6
Suppose 0 = -4*n + 31 - 11, -4*z + 135 = -5*n. Calculate the remainder when -3 - ((-3 - 1) + -76) is divided by z.
37
Let g be (5/(-4))/(-1 - 26/(-24)). Let s be 2/5 + (-99)/g. What is the remainder when (s/(-3) - -2)*-621 is divided by 19?
17
Let n(p) = -8*p + 26. Let r = 21 - 26. What is the remainder when n(2) is divided by (5/r)/((-3)/18)?
4
Let g = -4095 - -4132. What is the remainder when 1249 is divided by g?
28
Let i = -78 + 170. Let z(k) = -44*k - 69. Calculate the remainder when i is divided by z(-2).
16
What is the remainder when (-6475)/(-50)*-898*1/(-7) is divided by 142?
141
Let o = -3115 - -3945. Calculate the remainder when o is divided by 409.
12
Let x(o) = o**3 + 20*o**2 - 124*o + 338. What is the remainder when x(-24) is divided by 45?
20
Let i = 416 - 711. Let f = i - -327. Calculate the remainder when 63 is divided by f.
31
Suppose -13148 = -15*d - 7*d + 26056. What is the remainder when d is divided by 94?
90
Calculate the remainder when (12/18)/((-8)/36) + 2693 is divided by 90.
80
Suppose -4*b - 4*x = 100, -12*b + 7*b - 2*x - 110 = 0. Let i be ((-44)/(-1))/(2 - 1). Let a = b + i. What is the remainder when 71 is divided by a?
23
Suppose 0 = 4*f - 9*f - 3*f + 50552. Calculate the remainder when f is divided by 43.
41
Let a = 130 + -122. Suppose -y = a*y - 765. Suppose -15 = -5*j + y. What is the remainder when j is divided by 2?
0
Let c = 45 - 36. Suppose -c = 2*s - 5*s. Calculate the remainder when 58 is divided by ((-32)/12 + s)*48.
10
Let i be (7 - (-136)/(-16))/((-1)/(-12)). Let o be i/99 + 5*(-7)/(-11). Suppose 11 = o*d - 25. Calculate the remainder when 82 is divided by d.
10
Suppose -84*i = 33*i - 74295. Calculate the remainder when i is divided by 62.
15
Suppose 0 = -r + 15 - 0. Suppose -24 = -s + 5*f + 7, 5*s = -3*f + r. Let z(w) = w**3 - 3*w**2 - 9*w - 4. Calculate the remainder when z(s) is divided by 13.
11
Suppose -15 = 3*q + 6*s, -12 = -37